{"id":69,"date":"2018-11-03T21:41:14","date_gmt":"2018-11-03T19:41:14","guid":{"rendered":"https:\/\/gullangenau.wordpress.com\/?page_id=31"},"modified":"2024-03-14T11:32:20","modified_gmt":"2024-03-14T10:32:20","slug":"wahlprogramm","status":"publish","type":"page","link":"https:\/\/gul-langenau.de\/?page_id=69","title":{"rendered":"Kommunalwahl 2019"},"content":{"rendered":"\n<p><strong><span style=\"color:#339966\">Leitlinien unserer gr\u00fcnen Kommunalpolitik<\/span><\/strong><\/p>\n\n\n\n<p><strong><em>Kommunalwahl Langenau 2019<\/em><\/strong><\/p>\n\n\n\n<p>Leitlinien unserer gr\u00fcnen Kommunalpolitik<\/p>\n\n\n\n<p>Mit Kommunalpolitik wird gestaltet, wie wir leben und zusammenleben. Sie pr\u00e4gt unser Zuhause, unsere Umgebung und unseren Alltag. Sie entscheidet \u00fcber kleine Details ebenso wie \u00fcber gro\u00dfe Fragen.<\/p>\n\n\n<p>Wir entwickeln eigenen Ideen und Konzepte um Probleme zu l\u00f6sen und unsere Gemeinwesen weiterzuentwickeln. Um dies erfolgreich umzusetzen, versuchen wir mit eigenen Antr\u00e4gen im Gemeinderat Mehrheiten zu finden.<\/p>\n<p>Antr\u00e4ge und Vorschl\u00e4ge der Verwaltung und der anderen Fraktionen werden von uns hinterfragt und h\u00e4ufig zeigen wir Alternativen auf, die zu Verbesserungen f\u00fchren.<\/p>\n<p>Mehrfach konnten wir in den letzten Jahren die Verwaltung und den Gemeinderat mit unseren Antr\u00e4gen und Vorschl\u00e4gen \u00fcberzeugen.<\/p>\n<p>Daf\u00fcr brauchen wir eine starke Fraktion \u2013 wir brauchen Ihre Stimmen, die unsere Arbeit best\u00e4tigen und unterst\u00fctzen, so dass unser Einfluss auf Entscheidungen wachsen kann.<\/p>\n\n\n<h4 class=\"wp-block-heading\">Kurzprogramm -Schwerpunkte<\/h4>\n\n\n<ul>\n<li>Unsere Innenstadt und unsere Teilorte sollen lebenswert und attraktiv gestaltet werden. Dabei legen wir Wert auf den Erhalt des typischen Stadtbilds und auf gut gestaltete Neubauten.&nbsp;Die Stra\u00dfen und Pl\u00e4tze in der Innenstadt sollen zu Begegnungszonen mit gleichberechtigten Verkehrsteilnehmern werden.<\/li>\n<li>Wir brauchen Naturschutz und Artenvielfalt&nbsp; in und um die Stadt und in den Ortsteilen. Bei zunehmender Nachverdichtung m\u00fcssen weiterhin Gr\u00fcnfl\u00e4chen, B\u00e4ume und Str\u00e4ucher integriert werden. Sie sind Grundlage f\u00fcr ein gutes Klima und bieten den notwendigen Lebensraum f\u00fcr V\u00f6gel und Insekten.<\/li>\n<li>Wir wollen weniger L\u00e4rm und mehr Sicherheit durch Tempo 30 innerhalb der Stadt und den Teilorten.<\/li>\n<li>Der Radverkehr soll attraktiver und sicher mit neuen Radwegen und Radfahrstreifen gestaltet werden.<\/li>\n<li>Um den Bahnhof herum soll ein zentraler Knotenpunkt f\u00fcr den Nahverkehr entwickelt werden mit einer sicheren Verkehrsf\u00fchrung f\u00fcr Fu\u00dfg\u00e4nger und Radfahrer.<\/li>\n<li>Langenau muss aktiv in den Wohnungsbau einsteigen, um unsere B\u00fcrgerinnen und B\u00fcrger mit geringem Einkommen zu unterst\u00fctzen.<\/li>\n<li>Wir brauchen einen qualifizierten Mietspiegel, um Transparenz bei den Mieten zu schaffen.<\/li>\n<li>St\u00e4dtischen Gewerbefl\u00e4chen sollen an zukunftsorientierte Klein-und Mittelbetriebe mit Ausbildungspl\u00e4tzen vergeben werden. Besonderen Wert legen wir auf einen sparsamen Fl\u00e4chenverbrauch und \u00f6kologische Gesichtspunkte beim Bau.<\/li>\n<li>Durch die Digitalisierung der Verwaltung soll der Service f\u00fcr die B\u00fcrger und Gewerbetreibende verbessern werden.<\/li>\n<li>Langenau ist Fairtrade-Stadt und soll als Vorbild bei allen Aktionen den fairen Handel unterst\u00fctzen und in die \u00d6ffentlichkeit tragen.<\/li>\n<li>Wir unterst\u00fctzen die b\u00e4uerlich-\u00f6kologische Landwirtschaft und wollen die Vermarktung von regionalen gesunden Produkten f\u00f6rdern.<\/li>\n<\/ul>\n\n\n<div data-wp-interactive=\"core\/file\" class=\"wp-block-file\"><object data-wp-bind--hidden=\"!state.hasPdfPreview\" hidden class=\"wp-block-file__embed\" data=\"https:\/\/gul-langenau.de\/wp-content\/uploads\/sites\/190\/2024\/03\/GUL-Flyer-2019-5.pdf\" type=\"application\/pdf\" style=\"width:100%;height:600px\" aria-label=\"Einbettung von GUL-Flyer-2019-5.\"><\/object><a id=\"wp-block-file--media-12dc2bc7-2f63-4689-89f7-939340eb156b\" href=\"https:\/\/gul-langenau.de\/wp-content\/uploads\/sites\/190\/2024\/03\/GUL-Flyer-2019-5.pdf\">GUL-Flyer-2019-5<\/a><a href=\"https:\/\/gul-langenau.de\/wp-content\/uploads\/sites\/190\/2024\/03\/GUL-Flyer-2019-5.pdf\" class=\"wp-block-file__button wp-element-button\" download aria-describedby=\"wp-block-file--media-12dc2bc7-2f63-4689-89f7-939340eb156b\">Herunterladen<\/a><\/div>\n","protected":false},"excerpt":{"rendered":"<p>Leitlinien unserer gr\u00fcnen Kommunalpolitik Kommunalwahl Langenau 2019 Leitlinien unserer gr\u00fcnen Kommunalpolitik Mit Kommunalpolitik wird gestaltet, wie wir leben und zusammenleben. Sie pr\u00e4gt unser Zuhause, unsere Umgebung und unseren Alltag. Sie [&hellip;]<\/p>\n","protected":false},"author":397,"featured_media":0,"parent":64,"menu_order":0,"comment_status":"closed","ping_status":"closed","template":"","meta":{"footnotes":""},"class_list":["post-69","page","type-page","status-publish","hentry"],"_links":{"self":[{"href":"https:\/\/gul-langenau.de\/index.php?rest_route=\/wp\/v2\/pages\/69","targetHints":{"allow":["GET"]}}],"collection":[{"href":"https:\/\/gul-langenau.de\/index.php?rest_route=\/wp\/v2\/pages"}],"about":[{"href":"https:\/\/gul-langenau.de\/index.php?rest_route=\/wp\/v2\/types\/page"}],"author":[{"embeddable":true,"href":"https:\/\/gul-langenau.de\/index.php?rest_route=\/wp\/v2\/users\/397"}],"replies":[{"embeddable":true,"href":"https:\/\/gul-langenau.de\/index.php?rest_route=%2Fwp%2Fv2%2Fcomments&post=69"}],"version-history":[{"count":4,"href":"https:\/\/gul-langenau.de\/index.php?rest_route=\/wp\/v2\/pages\/69\/revisions"}],"predecessor-version":[{"id":1039,"href":"https:\/\/gul-langenau.de\/index.php?rest_route=\/wp\/v2\/pages\/69\/revisions\/1039"}],"up":[{"embeddable":true,"href":"https:\/\/gul-langenau.de\/index.php?rest_route=\/wp\/v2\/pages\/64"}],"wp:attachment":[{"href":"https:\/\/gul-langenau.de\/index.php?rest_route=%2Fwp%2Fv2%2Fmedia&parent=69"}],"curies":[{"name":"wp","href":"https:\/\/api.w.org\/{rel}","templated":true}]}}

<p><strong><span style="color:#339966">Leitlinien unserer grünen Kommunalpolitik</span></strong></p>



<p><strong><em>Kommunalwahl Langenau 2019</em></strong></p>



<p>Leitlinien unserer grünen Kommunalpolitik</p>



<p>Mit Kommunalpolitik wird gestaltet, wie wir leben und zusammenleben. Sie prägt unser Zuhause, unsere Umgebung und unseren Alltag. Sie entscheidet über kleine Details ebenso wie über große Fragen.</p>


<p>Wir entwickeln eigenen Ideen und Konzepte um Probleme zu lösen und unsere Gemeinwesen weiterzuentwickeln. Um dies erfolgreich umzusetzen, versuchen wir mit eigenen Anträgen im Gemeinderat Mehrheiten zu finden.</p>
<p>Anträge und Vorschläge der Verwaltung und der anderen Fraktionen werden von uns hinterfragt und häufig zeigen wir Alternativen auf, die zu Verbesserungen führen.</p>
<p>Mehrfach konnten wir in den letzten Jahren die Verwaltung und den Gemeinderat mit unseren Anträgen und Vorschlägen überzeugen.</p>
<p>Dafür brauchen wir eine starke Fraktion – wir brauchen Ihre Stimmen, die unsere Arbeit bestätigen und unterstützen, so dass unser Einfluss auf Entscheidungen wachsen kann.</p>


<h4 class="wp-block-heading">Kurzprogramm -Schwerpunkte</h4>


<ul>
<li>Unsere Innenstadt und unsere Teilorte sollen lebenswert und attraktiv gestaltet werden. Dabei legen wir Wert auf den Erhalt des typischen Stadtbilds und auf gut gestaltete Neubauten.&nbsp;Die Straßen und Plätze in der Innenstadt sollen zu Begegnungszonen mit gleichberechtigten Verkehrsteilnehmern werden.</li>
<li>Wir brauchen Naturschutz und Artenvielfalt&nbsp; in und um die Stadt und in den Ortsteilen. Bei zunehmender Nachverdichtung müssen weiterhin Grünflächen, Bäume und Sträucher integriert werden. Sie sind Grundlage für ein gutes Klima und bieten den notwendigen Lebensraum für Vögel und Insekten.</li>
<li>Wir wollen weniger Lärm und mehr Sicherheit durch Tempo 30 innerhalb der Stadt und den Teilorten.</li>
<li>Der Radverkehr soll attraktiver und sicher mit neuen Radwegen und Radfahrstreifen gestaltet werden.</li>
<li>Um den Bahnhof herum soll ein zentraler Knotenpunkt für den Nahverkehr entwickelt werden mit einer sicheren Verkehrsführung für Fußgänger und Radfahrer.</li>
<li>Langenau muss aktiv in den Wohnungsbau einsteigen, um unsere Bürgerinnen und Bürger mit geringem Einkommen zu unterstützen.</li>
<li>Wir brauchen einen qualifizierten Mietspiegel, um Transparenz bei den Mieten zu schaffen.</li>
<li>Städtischen Gewerbeflächen sollen an zukunftsorientierte Klein-und Mittelbetriebe mit Ausbildungsplätzen vergeben werden. Besonderen Wert legen wir auf einen sparsamen Flächenverbrauch und ökologische Gesichtspunkte beim Bau.</li>
<li>Durch die Digitalisierung der Verwaltung soll der Service für die Bürger und Gewerbetreibende verbessern werden.</li>
<li>Langenau ist Fairtrade-Stadt und soll als Vorbild bei allen Aktionen den fairen Handel unterstützen und in die Öffentlichkeit tragen.</li>
<li>Wir unterstützen die bäuerlich-ökologische Landwirtschaft und wollen die Vermarktung von regionalen gesunden Produkten fördern.</li>
</ul>


<div data-wp-interactive="core/file" class="wp-block-file"><object data-wp-bind--hidden="!state.hasPdfPreview" hidden class="wp-block-file__embed" data="https://gul-langenau.de/wp-content/uploads/sites/190/2024/03/GUL-Flyer-2019-5.pdf" type="application/pdf" style="width:100%;height:600px" aria-label="Einbettung von GUL-Flyer-2019-5."></object><a id="wp-block-file--media-12dc2bc7-2f63-4689-89f7-939340eb156b" href="https://gul-langenau.de/wp-content/uploads/sites/190/2024/03/GUL-Flyer-2019-5.pdf">GUL-Flyer-2019-5</a><a href="https://gul-langenau.de/wp-content/uploads/sites/190/2024/03/GUL-Flyer-2019-5.pdf" class="wp-block-file__button wp-element-button" download aria-describedby="wp-block-file--media-12dc2bc7-2f63-4689-89f7-939340eb156b">Herunterladen</a></div>

<p>Leitlinien unserer grünen Kommunalpolitik Kommunalwahl Langenau 2019 Leitlinien unserer grünen Kommunalpolitik Mit Kommunalpolitik wird gestaltet, wie wir leben und zusammenleben. Sie prägt unser Zuhause, unsere Umgebung und unseren Alltag. Sie [&hellip;]</p>
