{"id":357,"date":"2019-07-19T17:15:31","date_gmt":"2019-07-19T15:15:31","guid":{"rendered":"https:\/\/gullangenau.wordpress.com\/?page_id=357"},"modified":"2024-10-08T15:52:55","modified_gmt":"2024-10-08T13:52:55","slug":"__trashed-3","status":"publish","type":"page","link":"https:\/\/gul-langenau.de\/?page_id=357","title":{"rendered":"Unsere Gemeinder\u00e4te 2019-2024"},"content":{"rendered":"\n<p>Die Gr\u00fcn-Unabh\u00e4ngige Liste (GUL) hat bei der Wahl des Langenauer Gemeinderats 2019 insgesamt 5 Direktmandate erreicht.<\/p>\n\n\n\n<div class=\"wp-block-media-text is-stacked-on-mobile\" style=\"grid-template-columns:20% auto\"><figure class=\"wp-block-media-text__media\"><img loading=\"lazy\" decoding=\"async\" width=\"702\" height=\"800\" src=\"https:\/\/wordpress02.gcms.verdigado.net\/gul-langenau\/wp-content\/uploads\/sites\/190\/2019\/07\/roland_riedlinger_3240133.jpg?w=702\" alt=\"\" class=\"wp-image-336 size-full\" srcset=\"https:\/\/gul-langenau.de\/wp-content\/uploads\/sites\/190\/2019\/07\/roland_riedlinger_3240133.jpg 702w, https:\/\/gul-langenau.de\/wp-content\/uploads\/sites\/190\/2019\/07\/roland_riedlinger_3240133-263x300.jpg 263w\" sizes=\"auto, (max-width: 702px) 100vw, 702px\" \/><\/figure><div class=\"wp-block-media-text__content\">\n<p><strong>Roland Riedlinger<\/strong><br>Realschullehrer<br>verheiratet und 3 erwachsene Kinder<br>Mitglied bei B90\/Die Gr\u00fcnen<br>Seit 1994 im Gemeinderat<br>Seit 1999 Fraktionsvorsitzender der GUL<br>Mein Ziel: Eine \u00f6kologische und sozial ausgewogene Entwicklung Langenaus und der Ortsteile<\/p>\n<\/div><\/div>\n\n\n\n<div class=\"wp-block-media-text is-stacked-on-mobile\" style=\"grid-template-columns:20% auto\"><figure class=\"wp-block-media-text__media\"><img loading=\"lazy\" decoding=\"async\" width=\"786\" height=\"800\" src=\"https:\/\/wordpress02.gcms.verdigado.net\/gul-langenau\/wp-content\/uploads\/sites\/190\/2019\/07\/ibrahim_oguz_3240022-2.jpg?w=786\" alt=\"\" class=\"wp-image-334 size-full\" srcset=\"https:\/\/gul-langenau.de\/wp-content\/uploads\/sites\/190\/2019\/07\/ibrahim_oguz_3240022-2.jpg 786w, https:\/\/gul-langenau.de\/wp-content\/uploads\/sites\/190\/2019\/07\/ibrahim_oguz_3240022-2-295x300.jpg 295w, https:\/\/gul-langenau.de\/wp-content\/uploads\/sites\/190\/2019\/07\/ibrahim_oguz_3240022-2-768x782.jpg 768w\" sizes=\"auto, (max-width: 786px) 100vw, 786px\" \/><\/figure><div class=\"wp-block-media-text__content\">\n<p><strong>Ibrahim Oguz<\/strong><br>Gastronom<br>verheiratet und 2 Kinder<br>Mitglied bei B90\/Die Gr\u00fcnen<\/p>\n\n\n\n<p>Ich stehe in Langenau f\u00fcr bezahlbaren Wohnraum f\u00fcr alle,<br>Ausbau der Angebote f\u00fcr Kinder au\u00dferhalb der Schulzeit,<br>Erhalt und Erstellung von Gr\u00fcnfl\u00e4chen und Spielpl\u00e4tzen,<br>F\u00fcr- und Miteinander statt gegeneinander,<br>Unterst\u00fctzung von Alleinerzeihenden und Rentnern, Umwelt- und Klimaschutz<\/p>\n<\/div><\/div>\n\n\n\n<div class=\"wp-block-media-text is-stacked-on-mobile\" style=\"grid-template-columns:20% auto\"><figure class=\"wp-block-media-text__media\"><img loading=\"lazy\" decoding=\"async\" width=\"700\" height=\"800\" src=\"https:\/\/wordpress02.gcms.verdigado.net\/gul-langenau\/wp-content\/uploads\/sites\/190\/2019\/07\/renate_maier-tayblum_3240052.jpg?w=700\" alt=\"\" class=\"wp-image-335 size-full\" srcset=\"https:\/\/gul-langenau.de\/wp-content\/uploads\/sites\/190\/2019\/07\/renate_maier-tayblum_3240052.jpg 700w, https:\/\/gul-langenau.de\/wp-content\/uploads\/sites\/190\/2019\/07\/renate_maier-tayblum_3240052-263x300.jpg 263w\" sizes=\"auto, (max-width: 700px) 100vw, 700px\" \/><\/figure><div class=\"wp-block-media-text__content\">\n<p><strong>Renate Maier-Tayblum<\/strong><br>Architektin<br>verheiratet<br>Seit 2007 im Gemeinderat<br>Mitglied der Fairtradegruppe<\/p>\n\n\n\n<p>Ich stehe f\u00fcr den Schutz des Stadtbildes,<br>ein sozial und \u00f6kol\u00f6gisch verantwortliches Bauen,<br>den Erhalt und die F\u00f6rderung innerst\u00e4dtischer Gr\u00fcnfl\u00e4chen f\u00fcr eine hohe Lebensqualit\u00e4t in Langenau<\/p>\n<\/div><\/div>\n\n\n\n<div class=\"wp-block-media-text is-stacked-on-mobile\" style=\"grid-template-columns:20% auto\"><figure class=\"wp-block-media-text__media\"><img loading=\"lazy\" decoding=\"async\" width=\"731\" height=\"800\" src=\"https:\/\/wordpress02.gcms.verdigado.net\/gul-langenau\/wp-content\/uploads\/sites\/190\/2019\/07\/heiner_buck_3240138-1.jpg?w=731\" alt=\"\" class=\"wp-image-333 size-full\" srcset=\"https:\/\/gul-langenau.de\/wp-content\/uploads\/sites\/190\/2019\/07\/heiner_buck_3240138-1.jpg 731w, https:\/\/gul-langenau.de\/wp-content\/uploads\/sites\/190\/2019\/07\/heiner_buck_3240138-1-274x300.jpg 274w\" sizes=\"auto, (max-width: 731px) 100vw, 731px\" \/><\/figure><div class=\"wp-block-media-text__content\">\n<p><strong>Heinrich Buck<\/strong><br>Diplom- Ingenieur Verfahrenstechnik<br>verheiratet und ein Kind<br>von 1984 bis 1999 und seit 2014 im Gemeinderat<br>Mitglied bei B90\/Die Gr\u00fcnen<\/p>\n\n\n\n<p>Langenau soll mit Bedacht und mit R\u00fccksicht auf Natur und Umwelt wachsen. <br>Wir brauchen aktive und mutige Gemeinder\u00e4te, die mit ihren Ideen und Vorschl\u00e4gen mitgestalten.<\/p>\n<\/div><\/div>\n\n\n\n<div class=\"wp-block-media-text is-stacked-on-mobile\" style=\"grid-template-columns:20% auto\"><figure class=\"wp-block-media-text__media\"><img loading=\"lazy\" decoding=\"async\" width=\"776\" height=\"800\" src=\"https:\/\/wordpress02.gcms.verdigado.net\/gul-langenau\/wp-content\/uploads\/sites\/190\/2019\/07\/georg_weith_3240019-001.jpg?w=776\" alt=\"\" class=\"wp-image-332 size-full\" srcset=\"https:\/\/gul-langenau.de\/wp-content\/uploads\/sites\/190\/2019\/07\/georg_weith_3240019-001.jpg 776w, https:\/\/gul-langenau.de\/wp-content\/uploads\/sites\/190\/2019\/07\/georg_weith_3240019-001-291x300.jpg 291w, https:\/\/gul-langenau.de\/wp-content\/uploads\/sites\/190\/2019\/07\/georg_weith_3240019-001-768x792.jpg 768w\" sizes=\"auto, (max-width: 776px) 100vw, 776px\" \/><\/figure><div class=\"wp-block-media-text__content\">\n<p><strong>Georg Weith aus G\u00f6ttingen<\/strong><br>Bio-Bauer<br>verheiratet<br>seit 2009 im Gemeinderat<br>Mitglied bei B90\/Die Gr\u00fcnen <\/p>\n\n\n\n<p>Sehr wichtig ist mir das nat\u00fcrliche Umfeld auch f\u00fcr die n\u00e4chsten Generationen zu pflegen und zu erhalten<\/p>\n<\/div><\/div>\n","protected":false},"excerpt":{"rendered":"<p>Die Gr\u00fcn-Unabh\u00e4ngige Liste (GUL) hat bei der Wahl des Langenauer Gemeinderats 2019 insgesamt 5 Direktmandate erreicht. Roland RiedlingerRealschullehrerverheiratet und 3 erwachsene KinderMitglied bei B90\/Die Gr\u00fcnenSeit 1994 im GemeinderatSeit 1999 Fraktionsvorsitzender [&hellip;]<\/p>\n","protected":false},"author":397,"featured_media":0,"parent":0,"menu_order":40,"comment_status":"closed","ping_status":"closed","template":"","meta":{"footnotes":""},"class_list":["post-357","page","type-page","status-publish","hentry"],"_links":{"self":[{"href":"https:\/\/gul-langenau.de\/index.php?rest_route=\/wp\/v2\/pages\/357","targetHints":{"allow":["GET"]}}],"collection":[{"href":"https:\/\/gul-langenau.de\/index.php?rest_route=\/wp\/v2\/pages"}],"about":[{"href":"https:\/\/gul-langenau.de\/index.php?rest_route=\/wp\/v2\/types\/page"}],"author":[{"embeddable":true,"href":"https:\/\/gul-langenau.de\/index.php?rest_route=\/wp\/v2\/users\/397"}],"replies":[{"embeddable":true,"href":"https:\/\/gul-langenau.de\/index.php?rest_route=%2Fwp%2Fv2%2Fcomments&post=357"}],"version-history":[{"count":6,"href":"https:\/\/gul-langenau.de\/index.php?rest_route=\/wp\/v2\/pages\/357\/revisions"}],"predecessor-version":[{"id":1313,"href":"https:\/\/gul-langenau.de\/index.php?rest_route=\/wp\/v2\/pages\/357\/revisions\/1313"}],"wp:attachment":[{"href":"https:\/\/gul-langenau.de\/index.php?rest_route=%2Fwp%2Fv2%2Fmedia&parent=357"}],"curies":[{"name":"wp","href":"https:\/\/api.w.org\/{rel}","templated":true}]}}

Unsere Gemeinderäte 2019-2024

<p>Die Grün-Unabhängige Liste (GUL) hat bei der Wahl des Langenauer Gemeinderats 2019 insgesamt 5 Direktmandate erreicht.</p>



<div class="wp-block-media-text is-stacked-on-mobile" style="grid-template-columns:20% auto"><figure class="wp-block-media-text__media"><img loading="lazy" decoding="async" width="702" height="800" src="https://wordpress02.gcms.verdigado.net/gul-langenau/wp-content/uploads/sites/190/2019/07/roland_riedlinger_3240133.jpg?w=702" alt="" class="wp-image-336 size-full" srcset="https://gul-langenau.de/wp-content/uploads/sites/190/2019/07/roland_riedlinger_3240133.jpg 702w, https://gul-langenau.de/wp-content/uploads/sites/190/2019/07/roland_riedlinger_3240133-263x300.jpg 263w" sizes="auto, (max-width: 702px) 100vw, 702px" /></figure><div class="wp-block-media-text__content">
<p><strong>Roland Riedlinger</strong><br>Realschullehrer<br>verheiratet und 3 erwachsene Kinder<br>Mitglied bei B90/Die Grünen<br>Seit 1994 im Gemeinderat<br>Seit 1999 Fraktionsvorsitzender der GUL<br>Mein Ziel: Eine ökologische und sozial ausgewogene Entwicklung Langenaus und der Ortsteile</p>
</div></div>



<div class="wp-block-media-text is-stacked-on-mobile" style="grid-template-columns:20% auto"><figure class="wp-block-media-text__media"><img loading="lazy" decoding="async" width="786" height="800" src="https://wordpress02.gcms.verdigado.net/gul-langenau/wp-content/uploads/sites/190/2019/07/ibrahim_oguz_3240022-2.jpg?w=786" alt="" class="wp-image-334 size-full" srcset="https://gul-langenau.de/wp-content/uploads/sites/190/2019/07/ibrahim_oguz_3240022-2.jpg 786w, https://gul-langenau.de/wp-content/uploads/sites/190/2019/07/ibrahim_oguz_3240022-2-295x300.jpg 295w, https://gul-langenau.de/wp-content/uploads/sites/190/2019/07/ibrahim_oguz_3240022-2-768x782.jpg 768w" sizes="auto, (max-width: 786px) 100vw, 786px" /></figure><div class="wp-block-media-text__content">
<p><strong>Ibrahim Oguz</strong><br>Gastronom<br>verheiratet und 2 Kinder<br>Mitglied bei B90/Die Grünen</p>



<p>Ich stehe in Langenau für bezahlbaren Wohnraum für alle,<br>Ausbau der Angebote für Kinder außerhalb der Schulzeit,<br>Erhalt und Erstellung von Grünflächen und Spielplätzen,<br>Für- und Miteinander statt gegeneinander,<br>Unterstützung von Alleinerzeihenden und Rentnern, Umwelt- und Klimaschutz</p>
</div></div>



<div class="wp-block-media-text is-stacked-on-mobile" style="grid-template-columns:20% auto"><figure class="wp-block-media-text__media"><img loading="lazy" decoding="async" width="700" height="800" src="https://wordpress02.gcms.verdigado.net/gul-langenau/wp-content/uploads/sites/190/2019/07/renate_maier-tayblum_3240052.jpg?w=700" alt="" class="wp-image-335 size-full" srcset="https://gul-langenau.de/wp-content/uploads/sites/190/2019/07/renate_maier-tayblum_3240052.jpg 700w, https://gul-langenau.de/wp-content/uploads/sites/190/2019/07/renate_maier-tayblum_3240052-263x300.jpg 263w" sizes="auto, (max-width: 700px) 100vw, 700px" /></figure><div class="wp-block-media-text__content">
<p><strong>Renate Maier-Tayblum</strong><br>Architektin<br>verheiratet<br>Seit 2007 im Gemeinderat<br>Mitglied der Fairtradegruppe</p>



<p>Ich stehe für den Schutz des Stadtbildes,<br>ein sozial und ökolögisch verantwortliches Bauen,<br>den Erhalt und die Förderung innerstädtischer Grünflächen für eine hohe Lebensqualität in Langenau</p>
</div></div>



<div class="wp-block-media-text is-stacked-on-mobile" style="grid-template-columns:20% auto"><figure class="wp-block-media-text__media"><img loading="lazy" decoding="async" width="731" height="800" src="https://wordpress02.gcms.verdigado.net/gul-langenau/wp-content/uploads/sites/190/2019/07/heiner_buck_3240138-1.jpg?w=731" alt="" class="wp-image-333 size-full" srcset="https://gul-langenau.de/wp-content/uploads/sites/190/2019/07/heiner_buck_3240138-1.jpg 731w, https://gul-langenau.de/wp-content/uploads/sites/190/2019/07/heiner_buck_3240138-1-274x300.jpg 274w" sizes="auto, (max-width: 731px) 100vw, 731px" /></figure><div class="wp-block-media-text__content">
<p><strong>Heinrich Buck</strong><br>Diplom- Ingenieur Verfahrenstechnik<br>verheiratet und ein Kind<br>von 1984 bis 1999 und seit 2014 im Gemeinderat<br>Mitglied bei B90/Die Grünen</p>



<p>Langenau soll mit Bedacht und mit Rücksicht auf Natur und Umwelt wachsen. <br>Wir brauchen aktive und mutige Gemeinderäte, die mit ihren Ideen und Vorschlägen mitgestalten.</p>
</div></div>



<div class="wp-block-media-text is-stacked-on-mobile" style="grid-template-columns:20% auto"><figure class="wp-block-media-text__media"><img loading="lazy" decoding="async" width="776" height="800" src="https://wordpress02.gcms.verdigado.net/gul-langenau/wp-content/uploads/sites/190/2019/07/georg_weith_3240019-001.jpg?w=776" alt="" class="wp-image-332 size-full" srcset="https://gul-langenau.de/wp-content/uploads/sites/190/2019/07/georg_weith_3240019-001.jpg 776w, https://gul-langenau.de/wp-content/uploads/sites/190/2019/07/georg_weith_3240019-001-291x300.jpg 291w, https://gul-langenau.de/wp-content/uploads/sites/190/2019/07/georg_weith_3240019-001-768x792.jpg 768w" sizes="auto, (max-width: 776px) 100vw, 776px" /></figure><div class="wp-block-media-text__content">
<p><strong>Georg Weith aus Göttingen</strong><br>Bio-Bauer<br>verheiratet<br>seit 2009 im Gemeinderat<br>Mitglied bei B90/Die Grünen </p>



<p>Sehr wichtig ist mir das natürliche Umfeld auch für die nächsten Generationen zu pflegen und zu erhalten</p>
</div></div>

<p>Die Grün-Unabhängige Liste (GUL) hat bei der Wahl des Langenauer Gemeinderats 2019 insgesamt 5 Direktmandate erreicht. Roland RiedlingerRealschullehrerverheiratet und 3 erwachsene KinderMitglied bei B90/Die GrünenSeit 1994 im GemeinderatSeit 1999 Fraktionsvorsitzender [&hellip;]</p>
