{"id":1301,"date":"2024-10-08T15:54:41","date_gmt":"2024-10-08T13:54:41","guid":{"rendered":"https:\/\/gul-langenau.de\/?page_id=1301"},"modified":"2024-11-13T16:29:45","modified_gmt":"2024-11-13T15:29:45","slug":"unseren-gemeinderaete-ab-2024","status":"publish","type":"page","link":"https:\/\/gul-langenau.de\/?page_id=1301","title":{"rendered":"Unsere Gemeinder\u00e4te"},"content":{"rendered":"\n<div class=\"wp-block-media-text is-stacked-on-mobile\" style=\"grid-template-columns:20% auto\"><figure class=\"wp-block-media-text__media\"><img loading=\"lazy\" decoding=\"async\" width=\"819\" height=\"1024\" src=\"https:\/\/gul-langenau.de\/wp-content\/uploads\/sites\/190\/2024\/10\/Langenau_GUL_Roland_Riedlinger_73_Lehrer-i.R-819x1024.jpg\" alt=\"\" class=\"wp-image-1309 size-full\" srcset=\"https:\/\/gul-langenau.de\/wp-content\/uploads\/sites\/190\/2024\/10\/Langenau_GUL_Roland_Riedlinger_73_Lehrer-i.R-819x1024.jpg 819w, https:\/\/gul-langenau.de\/wp-content\/uploads\/sites\/190\/2024\/10\/Langenau_GUL_Roland_Riedlinger_73_Lehrer-i.R-240x300.jpg 240w, https:\/\/gul-langenau.de\/wp-content\/uploads\/sites\/190\/2024\/10\/Langenau_GUL_Roland_Riedlinger_73_Lehrer-i.R-768x961.jpg 768w, https:\/\/gul-langenau.de\/wp-content\/uploads\/sites\/190\/2024\/10\/Langenau_GUL_Roland_Riedlinger_73_Lehrer-i.R.jpg 945w\" sizes=\"auto, (max-width: 819px) 100vw, 819px\" \/><\/figure><div class=\"wp-block-media-text__content\">\n<p><strong>Roland Riedlinger<\/strong><\/p>\n\n\n\n<p>Realschullehrer i.R., 73 Jahre, verheiratet, 3 erwachsene Kinder, 5 Enkel<\/p>\n\n\n\n<p>Seit 30 Jahren f\u00fcr die GUL im Gemeinderat, Fraktionsvorsitzender<\/p>\n\n\n\n<p>Aktiv bei BUND, Weltladen, Naturfreunde, Fair Trade Gruppe<\/p>\n\n\n\n<p>Meine Ziele: F\u00fcr <strong>alle<\/strong> Altersgruppen eine \u00f6kologisch und sozial ausgewogene Entwicklung in Langenau und den Ortsteilen.<\/p>\n<\/div><\/div>\n\n\n\n<div class=\"wp-block-media-text is-stacked-on-mobile\" style=\"grid-template-columns:20% auto\"><figure class=\"wp-block-media-text__media\"><img loading=\"lazy\" decoding=\"async\" width=\"819\" height=\"1024\" src=\"https:\/\/gul-langenau.de\/wp-content\/uploads\/sites\/190\/2024\/10\/Langenau_GUL_Gerhard-Deutschmann_66_Rentner-819x1024.jpg\" alt=\"\" class=\"wp-image-1303 size-full\" srcset=\"https:\/\/gul-langenau.de\/wp-content\/uploads\/sites\/190\/2024\/10\/Langenau_GUL_Gerhard-Deutschmann_66_Rentner-819x1024.jpg 819w, https:\/\/gul-langenau.de\/wp-content\/uploads\/sites\/190\/2024\/10\/Langenau_GUL_Gerhard-Deutschmann_66_Rentner-240x300.jpg 240w, https:\/\/gul-langenau.de\/wp-content\/uploads\/sites\/190\/2024\/10\/Langenau_GUL_Gerhard-Deutschmann_66_Rentner-768x961.jpg 768w, https:\/\/gul-langenau.de\/wp-content\/uploads\/sites\/190\/2024\/10\/Langenau_GUL_Gerhard-Deutschmann_66_Rentner.jpg 945w\" sizes=\"auto, (max-width: 819px) 100vw, 819px\" \/><\/figure><div class=\"wp-block-media-text__content\">\n<p><strong>Gerhard \u201eJackson\u201c Deutschmann<\/strong><\/p>\n\n\n\n<p>Hausmeister RBG a.D., 66 Jahre, verheiratet<br>Vorstand Oldtimer Freunde Langenau e.V.<br>Betriebsratsvorsitzender Stadt Langenau von 1993 bis 2018<\/p>\n\n\n\n<p>Ich setze mich ein f\u00fcr ein vielf\u00e4ltiges, kulturelles Miteinander f\u00fcr Jung und Alt.<br>Wichtig ist mir auch sie Stadt Langenau als verantwortungsvoller Arbeitgeber.<\/p>\n<\/div><\/div>\n\n\n\n<div class=\"wp-block-media-text is-stacked-on-mobile\" style=\"grid-template-columns:20% auto\"><figure class=\"wp-block-media-text__media\"><img loading=\"lazy\" decoding=\"async\" width=\"819\" height=\"1024\" src=\"https:\/\/gul-langenau.de\/wp-content\/uploads\/sites\/190\/2024\/10\/Langenau_GUL_Ibrahim_Oguz_44_selbstaendig-819x1024.jpg\" alt=\"\" class=\"wp-image-1310 size-full\" srcset=\"https:\/\/gul-langenau.de\/wp-content\/uploads\/sites\/190\/2024\/10\/Langenau_GUL_Ibrahim_Oguz_44_selbstaendig-819x1024.jpg 819w, https:\/\/gul-langenau.de\/wp-content\/uploads\/sites\/190\/2024\/10\/Langenau_GUL_Ibrahim_Oguz_44_selbstaendig-240x300.jpg 240w, https:\/\/gul-langenau.de\/wp-content\/uploads\/sites\/190\/2024\/10\/Langenau_GUL_Ibrahim_Oguz_44_selbstaendig-768x961.jpg 768w, https:\/\/gul-langenau.de\/wp-content\/uploads\/sites\/190\/2024\/10\/Langenau_GUL_Ibrahim_Oguz_44_selbstaendig.jpg 945w\" sizes=\"auto, (max-width: 819px) 100vw, 819px\" \/><\/figure><div class=\"wp-block-media-text__content\">\n<p><strong>Ibrahim Oguz (Hans)<\/strong><\/p>\n\n\n\n<p>Verheiratet, zwei Kinder, Selbstst\u00e4ndig, seit 2019 Gemeinderat<br>Mitglied bei Naturfreunde, SG Langenau, Nau Schwaben (VFB fun).<\/p>\n\n\n\n<p>Themen: Bezahlbare Wohnraum, Integration, Vereine, <br>mehr Angebote f\u00fcr Kinder und Jugendliche.<\/p>\n<\/div><\/div>\n\n\n\n<div class=\"wp-block-media-text is-stacked-on-mobile\" style=\"grid-template-columns:20% auto\"><figure class=\"wp-block-media-text__media\"><img loading=\"lazy\" decoding=\"async\" width=\"819\" height=\"1024\" src=\"https:\/\/gul-langenau.de\/wp-content\/uploads\/sites\/190\/2024\/10\/Langenau_GUL_Georg_Weith_62_Bio-Bauer-1-819x1024.jpg\" alt=\"\" class=\"wp-image-1311 size-full\" srcset=\"https:\/\/gul-langenau.de\/wp-content\/uploads\/sites\/190\/2024\/10\/Langenau_GUL_Georg_Weith_62_Bio-Bauer-1-819x1024.jpg 819w, https:\/\/gul-langenau.de\/wp-content\/uploads\/sites\/190\/2024\/10\/Langenau_GUL_Georg_Weith_62_Bio-Bauer-1-240x300.jpg 240w, https:\/\/gul-langenau.de\/wp-content\/uploads\/sites\/190\/2024\/10\/Langenau_GUL_Georg_Weith_62_Bio-Bauer-1-768x961.jpg 768w, https:\/\/gul-langenau.de\/wp-content\/uploads\/sites\/190\/2024\/10\/Langenau_GUL_Georg_Weith_62_Bio-Bauer-1.jpg 945w\" sizes=\"auto, (max-width: 819px) 100vw, 819px\" \/><\/figure><div class=\"wp-block-media-text__content\">\n<p><strong>Georg Weith aus G\u00f6ttingen<\/strong><\/p>\n\n\n\n<p>Bio-Bauer, 62 Jahre, verheiratet<\/p>\n\n\n\n<p>Sehr wichtig ist mir das nat\u00fcrliche Umfeld auch f\u00fcr die n\u00e4chsten Generationen zu pflegen und zu erhalten.<br>Um die Attraktivit\u00e4t der Stadt Langenau zu erhalten ist es auch wichtig das der Einzelhandel von der Gemeinde und den B\u00fcrgern unterst\u00fctzt wird.&nbsp;<\/p>\n<\/div><\/div>\n\n\n\n<p><\/p>\n","protected":false},"excerpt":{"rendered":"<p>Roland Riedlinger Realschullehrer i.R., 73 Jahre, verheiratet, 3 erwachsene Kinder, 5 Enkel Seit 30 Jahren f\u00fcr die GUL im Gemeinderat, Fraktionsvorsitzender Aktiv bei BUND, Weltladen, Naturfreunde, Fair Trade Gruppe Meine [&hellip;]<\/p>\n","protected":false},"author":397,"featured_media":0,"parent":0,"menu_order":0,"comment_status":"closed","ping_status":"closed","template":"","meta":{"footnotes":""},"class_list":["post-1301","page","type-page","status-publish","hentry"],"_links":{"self":[{"href":"https:\/\/gul-langenau.de\/index.php?rest_route=\/wp\/v2\/pages\/1301","targetHints":{"allow":["GET"]}}],"collection":[{"href":"https:\/\/gul-langenau.de\/index.php?rest_route=\/wp\/v2\/pages"}],"about":[{"href":"https:\/\/gul-langenau.de\/index.php?rest_route=\/wp\/v2\/types\/page"}],"author":[{"embeddable":true,"href":"https:\/\/gul-langenau.de\/index.php?rest_route=\/wp\/v2\/users\/397"}],"replies":[{"embeddable":true,"href":"https:\/\/gul-langenau.de\/index.php?rest_route=%2Fwp%2Fv2%2Fcomments&post=1301"}],"version-history":[{"count":9,"href":"https:\/\/gul-langenau.de\/index.php?rest_route=\/wp\/v2\/pages\/1301\/revisions"}],"predecessor-version":[{"id":1328,"href":"https:\/\/gul-langenau.de\/index.php?rest_route=\/wp\/v2\/pages\/1301\/revisions\/1328"}],"wp:attachment":[{"href":"https:\/\/gul-langenau.de\/index.php?rest_route=%2Fwp%2Fv2%2Fmedia&parent=1301"}],"curies":[{"name":"wp","href":"https:\/\/api.w.org\/{rel}","templated":true}]}}

Unsere Gemeinderäte

<div class="wp-block-media-text is-stacked-on-mobile" style="grid-template-columns:20% auto"><figure class="wp-block-media-text__media"><img loading="lazy" decoding="async" width="819" height="1024" src="https://gul-langenau.de/wp-content/uploads/sites/190/2024/10/Langenau_GUL_Roland_Riedlinger_73_Lehrer-i.R-819x1024.jpg" alt="" class="wp-image-1309 size-full" srcset="https://gul-langenau.de/wp-content/uploads/sites/190/2024/10/Langenau_GUL_Roland_Riedlinger_73_Lehrer-i.R-819x1024.jpg 819w, https://gul-langenau.de/wp-content/uploads/sites/190/2024/10/Langenau_GUL_Roland_Riedlinger_73_Lehrer-i.R-240x300.jpg 240w, https://gul-langenau.de/wp-content/uploads/sites/190/2024/10/Langenau_GUL_Roland_Riedlinger_73_Lehrer-i.R-768x961.jpg 768w, https://gul-langenau.de/wp-content/uploads/sites/190/2024/10/Langenau_GUL_Roland_Riedlinger_73_Lehrer-i.R.jpg 945w" sizes="auto, (max-width: 819px) 100vw, 819px" /></figure><div class="wp-block-media-text__content">
<p><strong>Roland Riedlinger</strong></p>



<p>Realschullehrer i.R., 73 Jahre, verheiratet, 3 erwachsene Kinder, 5 Enkel</p>



<p>Seit 30 Jahren für die GUL im Gemeinderat, Fraktionsvorsitzender</p>



<p>Aktiv bei BUND, Weltladen, Naturfreunde, Fair Trade Gruppe</p>



<p>Meine Ziele: Für <strong>alle</strong> Altersgruppen eine ökologisch und sozial ausgewogene Entwicklung in Langenau und den Ortsteilen.</p>
</div></div>



<div class="wp-block-media-text is-stacked-on-mobile" style="grid-template-columns:20% auto"><figure class="wp-block-media-text__media"><img loading="lazy" decoding="async" width="819" height="1024" src="https://gul-langenau.de/wp-content/uploads/sites/190/2024/10/Langenau_GUL_Gerhard-Deutschmann_66_Rentner-819x1024.jpg" alt="" class="wp-image-1303 size-full" srcset="https://gul-langenau.de/wp-content/uploads/sites/190/2024/10/Langenau_GUL_Gerhard-Deutschmann_66_Rentner-819x1024.jpg 819w, https://gul-langenau.de/wp-content/uploads/sites/190/2024/10/Langenau_GUL_Gerhard-Deutschmann_66_Rentner-240x300.jpg 240w, https://gul-langenau.de/wp-content/uploads/sites/190/2024/10/Langenau_GUL_Gerhard-Deutschmann_66_Rentner-768x961.jpg 768w, https://gul-langenau.de/wp-content/uploads/sites/190/2024/10/Langenau_GUL_Gerhard-Deutschmann_66_Rentner.jpg 945w" sizes="auto, (max-width: 819px) 100vw, 819px" /></figure><div class="wp-block-media-text__content">
<p><strong>Gerhard „Jackson“ Deutschmann</strong></p>



<p>Hausmeister RBG a.D., 66 Jahre, verheiratet<br>Vorstand Oldtimer Freunde Langenau e.V.<br>Betriebsratsvorsitzender Stadt Langenau von 1993 bis 2018</p>



<p>Ich setze mich ein für ein vielfältiges, kulturelles Miteinander für Jung und Alt.<br>Wichtig ist mir auch sie Stadt Langenau als verantwortungsvoller Arbeitgeber.</p>
</div></div>



<div class="wp-block-media-text is-stacked-on-mobile" style="grid-template-columns:20% auto"><figure class="wp-block-media-text__media"><img loading="lazy" decoding="async" width="819" height="1024" src="https://gul-langenau.de/wp-content/uploads/sites/190/2024/10/Langenau_GUL_Ibrahim_Oguz_44_selbstaendig-819x1024.jpg" alt="" class="wp-image-1310 size-full" srcset="https://gul-langenau.de/wp-content/uploads/sites/190/2024/10/Langenau_GUL_Ibrahim_Oguz_44_selbstaendig-819x1024.jpg 819w, https://gul-langenau.de/wp-content/uploads/sites/190/2024/10/Langenau_GUL_Ibrahim_Oguz_44_selbstaendig-240x300.jpg 240w, https://gul-langenau.de/wp-content/uploads/sites/190/2024/10/Langenau_GUL_Ibrahim_Oguz_44_selbstaendig-768x961.jpg 768w, https://gul-langenau.de/wp-content/uploads/sites/190/2024/10/Langenau_GUL_Ibrahim_Oguz_44_selbstaendig.jpg 945w" sizes="auto, (max-width: 819px) 100vw, 819px" /></figure><div class="wp-block-media-text__content">
<p><strong>Ibrahim Oguz (Hans)</strong></p>



<p>Verheiratet, zwei Kinder, Selbstständig, seit 2019 Gemeinderat<br>Mitglied bei Naturfreunde, SG Langenau, Nau Schwaben (VFB fun).</p>



<p>Themen: Bezahlbare Wohnraum, Integration, Vereine, <br>mehr Angebote für Kinder und Jugendliche.</p>
</div></div>



<div class="wp-block-media-text is-stacked-on-mobile" style="grid-template-columns:20% auto"><figure class="wp-block-media-text__media"><img loading="lazy" decoding="async" width="819" height="1024" src="https://gul-langenau.de/wp-content/uploads/sites/190/2024/10/Langenau_GUL_Georg_Weith_62_Bio-Bauer-1-819x1024.jpg" alt="" class="wp-image-1311 size-full" srcset="https://gul-langenau.de/wp-content/uploads/sites/190/2024/10/Langenau_GUL_Georg_Weith_62_Bio-Bauer-1-819x1024.jpg 819w, https://gul-langenau.de/wp-content/uploads/sites/190/2024/10/Langenau_GUL_Georg_Weith_62_Bio-Bauer-1-240x300.jpg 240w, https://gul-langenau.de/wp-content/uploads/sites/190/2024/10/Langenau_GUL_Georg_Weith_62_Bio-Bauer-1-768x961.jpg 768w, https://gul-langenau.de/wp-content/uploads/sites/190/2024/10/Langenau_GUL_Georg_Weith_62_Bio-Bauer-1.jpg 945w" sizes="auto, (max-width: 819px) 100vw, 819px" /></figure><div class="wp-block-media-text__content">
<p><strong>Georg Weith aus Göttingen</strong></p>



<p>Bio-Bauer, 62 Jahre, verheiratet</p>



<p>Sehr wichtig ist mir das natürliche Umfeld auch für die nächsten Generationen zu pflegen und zu erhalten.<br>Um die Attraktivität der Stadt Langenau zu erhalten ist es auch wichtig das der Einzelhandel von der Gemeinde und den Bürgern unterstützt wird.&nbsp;</p>
</div></div>



<p></p>

<p>Roland Riedlinger Realschullehrer i.R., 73 Jahre, verheiratet, 3 erwachsene Kinder, 5 Enkel Seit 30 Jahren für die GUL im Gemeinderat, Fraktionsvorsitzender Aktiv bei BUND, Weltladen, Naturfreunde, Fair Trade Gruppe Meine [&hellip;]</p>
